281 and 137564787.
2427
Calculate the greatest common divisor of 96 and 97248.
96
What is the highest common divisor of 152 and 2061880?
152
What is the highest common divisor of 602148 and 3842484?
4332
What is the greatest common factor of 2087996891 and 5953?
5953
What is the greatest common factor of 15460610 and 110?
110
Calculate the highest common factor of 3752689 and 328.
41
Calculate the highest common divisor of 3590382 and 7518.
1074
What is the greatest common divisor of 17362654 and 1602?
178
Calculate the greatest common factor of 462330150 and 5140.
2570
What is the greatest common factor of 15170037 and 35853?
2109
Calculate the greatest common divisor of 27342 and 419058.
558
What is the greatest common factor of 872 and 298060936?
872
Calculate the highest common factor of 4456 and 113185742.
1114
Calculate the greatest common factor of 3498962 and 752.
94
Calculate the highest common factor of 647834 and 14278.
242
Calculate the highest common factor of 59329424 and 616.
616
What is the greatest common divisor of 8504256 and 384?
192
Calculate the highest common factor of 4801074 and 66.
6
What is the greatest common divisor of 2 and 136997924?
2
Calculate the highest common divisor of 24514 and 15278711.
721
Calculate the greatest common divisor of 118274412 and 4470.
894
What is the highest common factor of 28121806 and 2802?
934
What is the highest common factor of 35568 and 7151144?
1976
What is the highest common divisor of 35417 and 17762?
107
Calculate the greatest common factor of 59687 and 2720.
17
Calculate the greatest common factor of 1934394 and 3696.
462
What is the highest common divisor of 37688 and 86324?
28
Calculate the highest common factor of 8867670 and 245.
35
What is the highest common factor of 740 and 1196605?
5
Calculate the greatest common factor of 217077777 and 39564.
9891
Calculate the greatest common factor of 5732 and 397223301.
1433
Calculate the highest common factor of 8316 and 15529668.
924
Calculate the greatest common divisor of 39 and 21071479.
13
Calculate the highest common factor of 5179780 and 152.
76
Calculate the highest common divisor of 18704 and 8528.
16
What is the highest common divisor of 4304 and 10467888?
16
Calculate the highest common factor of 54060652 and 124.
124
What is the highest common divisor of 2904 and 1442604?
12
What is the highest common divisor of 986 and 410963321?
493
What is the greatest common factor of 6708 and 70182450?
3354
Calculate the highest common factor of 35968 and 285496.
2248
Calculate the highest common divisor of 440634343 and 167.
167
Calculate the highest common divisor of 17658365 and 345.
115
Calculate the highest common divisor of 423 and 23050539.
423
Calculate the highest common divisor of 144 and 365544.
72
Calculate the highest common factor of 641448 and 88184.
1208
What is the greatest common factor of 260 and 5400420?
20
Calculate the greatest common factor of 19171196 and 286.
22
Calculate the highest common divisor of 31878506 and 2761.
2761
Calculate the highest common factor of 509 and 31413953.
509
Calculate the greatest common divisor of 4 and 76433248.
4
Calculate the greatest common divisor of 9855 and 177685.
5
Calculate the highest common divisor of 313710 and 4215.
15
What is the highest common divisor of 23295 and 4800?
15
Calculate the greatest common divisor of 2552 and 110360776.
232
What is the greatest common factor of 30420 and 128490?
30
What is the greatest common divisor of 251043 and 2689518?
1599
Calculate the greatest common factor of 549366 and 58011.
183
Calculate the greatest common divisor of 50177200 and 850.
850
Calculate the greatest common factor of 6789780 and 100.
20
Calculate the highest common factor of 4640 and 222575.
145
What is the greatest common divisor of 8698308 and 156?
12
What is the greatest common factor of 6084 and 57978?
18
Calculate the greatest common factor of 19160 and 5434160.
40
What is the greatest common divisor of 4108611 and 15912?
663
What is the highest common factor of 480 and 18401520?
240
Calculate the greatest common factor of 2160648 and 16968.
168
Calculate the greatest common divisor of 166 and 443890.
2
What is the highest common factor of 277944 and 38406?
222
Calculate the highest common divisor of 517293 and 109480.
2737
Calculate the greatest common divisor of 14883 and 590277.
123
Calculate the highest common factor of 21096 and 705468.
12
What is the greatest common divisor of 281148 and 210?
42
What is the highest common factor of 615 and 791991260?
205
What is the greatest common divisor of 4239 and 69551?
157
Calculate the greatest common divisor of 131111275 and 5900.
1475
Calculate the greatest common factor of 221 and 22078.
1
Calculate the greatest common divisor of 1475 and 164187560.
295
Calculate the greatest common factor of 63012 and 515896.
236
Calculate the highest common divisor of 48340 and 7451611.
2417
What is the greatest common factor of 12701 and 281346?
13
What is the greatest common divisor of 1080937647 and 333?
333
What is the highest common divisor of 5039855394 and 6069?
6069
What is the greatest common divisor of 1676004 and 836?
44
What is the greatest common factor of 46 and 10820603?
23
Calculate the highest common divisor of 261 and 186858.
9
What is the greatest common divisor of 26500 and 1232362625?
6625
What is the highest common factor of 1344 and 58487136?
96
What is the greatest common factor of 4 and 26521345?
1
What is the greatest common divisor of 8554896 and 10668?
84
Calculate the highest common factor of 4797 and 678288.
39
Calculate the highest common factor of 19377122 and 296.
74
What is the greatest common divisor of 1792 and 377308?
4
What is the greatest common divisor of 1675234 and 33?
11
Calculate the highest common divisor of 77464 and 41952.
184
Calculate the highest common factor of 2706 and 11610544.
902
Calculate the greatest common factor of 40636 and 2956.
4
Calculate the highest common divisor of 266211 and 6957.
9
Calculate the highest common divisor of 36668841 and 5522.
2761
What is the highest common factor of 28160 and 125760?
320
What is the highest common divisor of 6195959 and 539?
77
What is the greatest common divisor of 21696 and 1048?
8
Calculate the highest common factor of 529255 and 17525.
3505
What is the highest common factor of 3021 and 12009482?
1007
What is the greatest common factor of 1914 and 805852377?
957
What is the highest common factor of 39397857 and 34?
17
Calculate the highest common factor of 135 and 4133145.
15
Calculate the greatest common divisor of 1381538 and 2712.
226
Calculate the greatest common factor of 82452828 and 192.
12
What is the highest common divisor of 2336 and 30307994?
146
What is the greatest common factor of 618 and 32876467?
103
What is the highest common factor of 190 and 34943185?
95
Calculate the greatest common divisor of 18 and 67820841.
9
Calculate the greatest common divisor of 11908218 and 44679.
843
What is the highest common divisor of 399 and 6400191?
21
What is the highest common divisor of 39538594 and 716?
358
Calculate the highest common divisor of 26397539 and 259.
259
Calculate the greatest common divisor of 95956677 and 446.
223
Calculate the highest common factor of 3575 and 6819725.
275
Calculate the greatest common divisor of 798 and 659547.
399
What is the highest common factor of 70 and 35339654?
14
What is the highest common divisor of 3879 and 299625597?
3879
What is the greatest common divisor of 888412 and 224?
28
What is the highest common divisor of 569065 and 24966725?
8015
Calculate the greatest common divisor of 56530480 and 2.
2
Calculate the greatest common divisor of 5597 and 2029202.
193
What is the highest common divisor of 5225 and 32845186?
209
Calculate the greatest common divisor of 241202747 and 67.
67
Calculate the greatest common divisor of 35 and 10687439.
7
Calculate the greatest common factor of 2160 and 1328544720.
2160
Calculate the greatest common factor of 65 and 564380.
5
What is the greatest common divisor of 2799726 and 309?
3
Calculate the greatest common factor of 13048 and 32302654.
466
What is the greatest common factor of 45505164 and 19716?
636
What is the greatest commo